is the hundreds digit of i(0)?
1
Suppose -4*p = -0*p - 388. Let l = -69 + p. Suppose 5*t + 4*s = 51, -5*t + 3*s + l = 5. What is the units digit of t?
7
Let j(b) = b**3 + 10*b**2 + b + 10. Let r be j(-10). Suppose r = 2*m - 0*m. What is the tens digit of 15 + (-2 - m)*1?
1
Let v be (1 - (2 + -4)*-1)*6. Suppose 0 = -a + 5*a - 8. What is the tens digit of (-690)/(-45) + a/v?
1
Let n(g) = -g - 22. Let k(m) = -29*m - 570. Let s(c) = 15*c + 285. Let u(j) = -3*k(j) - 5*s(j). Let t(r) = -27*n(r) - 2*u(r). What is the units digit of t(13)?
3
Let x be (26/39)/((-4)/(-114)). Let b(s) = s**3 - 5*s**2 + 1. Let v be b(4). Let l = v + x. What is the units digit of l?
4
Let a be -12*(-2 + (-10)/(-6)). Suppose -154 = -a*r - 2*y, -6*y + y = 5. What is the units digit of r?
9
Let p(f) = -f**3 - 14*f**2 - 2*f - 8. Let i be p(-12). Let s = -135 - i. What is the hundreds digit of s?
1
Suppose a + 3*a - 696 = -x, 3*x - 2008 = 4*a. What is the hundreds digit of x?
6
Suppose n + p + 2 = 0, -n + 8 = -2*n - 4*p. Suppose n = 7*r - 482 - 449. What is the hundreds digit of r?
1
Let f = 331 - -14. What is the tens digit of f?
4
Let f(j) = 7*j**3 - 4*j - 6*j**3 + 12*j**2 + 4 + 4*j. What is the units digit of f(-12)?
4
Suppose -5*d = -14 + 4. Suppose -4*r + d*o - 84 = 0, -5*o = -r - o - 28. What is the units digit of 15/r - 94/(-8)?
1
Suppose -16*w = -18*w + 8. Suppose 0 = -4*f - 5*a + 368, -4*a - 407 + 39 = -w*f. What is the tens digit of f?
9
Suppose -6*d + 10*d = 8. Let s be (d + 0)*12/(-8). What is the tens digit of -6*14/9*s?
2
Let a(l) = -8*l - 7. Let k(b) = 46*b + 29. Let s(w) = 9*w + 6. Let z(t) = 2*k(t) - 11*s(t). Let i(h) = -7*a(h) + 6*z(h). What is the units digit of i(1)?
5
Suppose -120*v = -135*v + 1575. What is the hundreds digit of v?
1
Let f be ((-14)/(-5))/(8/(-40)). Let o be (-135)/(-7) + 4/f. Suppose -5*b = -o - 46. What is the units digit of b?
3
What is the tens digit of (-55)/(-2)*(-56)/105*-39?
7
Suppose 0 = 20*v - 21*v, 1383 = o - v. What is the tens digit of o?
8
Let o(v) = -5*v - 11. Let i(f) = 0*f - 18 - 2*f + 13. Let l(k) = 14*i(k) - 6*o(k). What is the units digit of l(4)?
4
Let p(y) = -6*y - 27. Let l be p(-5). Suppose 2*x + 0*r = -l*r + 165, -3*x - r = -251. What is the units digit of x?
4
Suppose -2*n - d = -2*d - 789, 5*n = d + 1965. Let o = -197 + n. What is the hundreds digit of o?
1
Let p(q) = 5*q - 15. Let n = -47 + 67. What is the tens digit of p(n)?
8
Let v be ((-6)/(-8))/(11/308). Suppose 3*p - 168 - v = 0. What is the units digit of p?
3
Let c be 5629/26 - 2/(-4). Let a = -127 + c. What is the units digit of a?
0
Suppose 0*v - v = 2*m + 379, 0 = -3*v + 5*m - 1126. Let l = -181 - v. What is the tens digit of l?
9
Let h(l) = -l**2 - 9*l - 17. Let j be h(-5). Let p be 1 - 0 - 0/1. Suppose 5*a + i - p = j*a, -37 = -4*a + 5*i. What is the units digit of a?
3
Suppose -2*j = -v + 4, 3*v + j - 9 = -2*v. Suppose 0 = -5*u - v*l + 50 + 81, -5*l = 10. What is the units digit of u?
7
Let t = 41 + -16. Suppose 2*h - c = 4*h - 43, -5*c - t = -2*h. What is the units digit of h?
0
Suppose -14*q - 12 = -16*q. Let b(a) = -2 + 26*a**2 - a + 5*a + 5*a - q*a. What is the tens digit of b(1)?
2
What is the hundreds digit of 30/50*3235 + 2?
9
Suppose -116 = -3*i + 352. What is the tens digit of i?
5
Let b be (16 + -16)*(1 - 2). Suppose 5*h + o - 715 = b, 4*h + 2*o - 322 = 244. Suppose 0 = 3*z + 12 - h. What is the tens digit of z?
4
Suppose 5099 = 3*v + 2*g + 1806, 0 = 2*v - 5*g - 2208. What is the thousands digit of v?
1
Let r(q) = 3*q - 4. Let f be r(-2). Let d be (12/f)/((-7)/(-35)). What is the tens digit of (-3)/(-6) + (-99)/d?
1
Suppose 4*a - 997 = -3*c, 8*a - 3*a + 5*c - 1245 = 0. Suppose 5*x - 25 = a. What is the units digit of x?
5
Suppose 0*b + 2065 = 2*b + y, 2*y + 6 = 0. What is the hundreds digit of b?
0
Let c = 3912 + -2647. What is the units digit of c?
5
Let h(b) = 5*b**2 + b. Let n be h(-1). Suppose -8*x + 432 = -n*x. What is the tens digit of x?
0
Let h(a) = -8*a**3 + 3*a**2 + 2*a - 2. Let d be h(-2). Let w = d + -29. Let i = -26 + w. What is the units digit of i?
5
Let b(i) be the second derivative of i**5/2 + i**4/6 - i**3/6 + 8*i. Let k be b(1). Let j = 12 + k. What is the tens digit of j?
2
Let w(o) be the first derivative of -5*o - 7 + 1/2*o**2. What is the units digit of w(9)?
4
Let l(y) = 6*y**2 - 9*y - 2. Let q = 27 + -24. Suppose j + 2*j = q, -4*r + 13 = -3*j. What is the tens digit of l(r)?
5
Let c(u) = u**2 - 4*u - 6*u - 46 - 3*u + 26. What is the units digit of c(-9)?
8
Let b(c) = -c**2 - 6*c + 7. Let n be b(-7). Let x(z) = -4*z - 3. Let p be x(-2). Suppose r = 5*r + 3*l - 37, n = 2*r + p*l - 29. What is the units digit of r?
7
Suppose 22 - 14 = -w. What is the units digit of 29*(-7)/(28/w)?
8
What is the tens digit of (1388/(-3))/(187/33 + -6)?
8
Let w(h) = -2*h**2 + 47*h + 26. Let d be w(24). Suppose 4*a + 0*q = -2*q + 1008, d*q - 4 = 0. What is the units digit of a?
1
Suppose 0 = -2*u - 57 + 225. What is the tens digit of (-24)/u - (-494)/14?
3
Let u(y) = 11*y**2 - 3*y - 3. Let n be u(-2). Let r = -11 - -14. Suppose -r*i + n + 67 = 0. What is the units digit of i?
8
Let p be 12*((-3)/9 + (-3 - -4)). What is the tens digit of 2/p + 39/52 + 37?
3
Let z(p) = p**2 + 7*p + 26. Suppose 59 = -4*d + 11. What is the units digit of z(d)?
6
Let c(v) = v**2 - 11*v - 9. Let a be c(12). Suppose j + 36 = -a*j. What is the units digit of 2*j/6 + 41?
8
What is the units digit of (10/6)/(-16*6/(-93600))?
5
Let b(h) = -h**3 - 11*h**2 + 30*h + 490. What is the hundreds digit of b(-15)?
9
Let m be (-7134)/36 - 2/(-12). Let x = -79 - m. What is the units digit of x?
9
What is the thousands digit of 22/((-352)/(-35400))*2?
4
Suppose 4*q + 32 = 3*l, -q = l - 4*q - 19. Suppose -l*d = -3*j + 165, -5*d + 248 = 3*j + 56. What is the tens digit of j?
5
Let k(r) be the third derivative of -r**6/120 - 3*r**5/20 - r**4/8 + r**3/2 + 14*r**2. What is the units digit of k(-9)?
0
Let f = -12 - -12. Suppose -3*s + 9*s + 18 = f. What is the units digit of (-50)/(-15)*(0 - s)?
0
Let x(d) = -4*d**3 - d**2 + 2*d + 3. Let l(z) = z**2 + 2*z + 1. Let p be l(-3). Let r = -6 + p. What is the tens digit of x(r)?
2
Let f(r) = -6*r + 3. Let v be f(-5). Suppose -34 = -2*x - 0*x. Suppose -34*q + v*q = -x. What is the units digit of q?
7
Let b be (-2)/(-18) + (-537)/(-27). Let c be 12/b - 144/15. What is the tens digit of (-345)/c - (-2)/(-6)?
3
Let y = -12 + 15. Let r be y - (0 - 0 - -1). Suppose 5*j - 129 = -t, -r*t + 66 = 2*j + 2*t. What is the tens digit of j?
2
Let k = -1922 + 3287. What is the units digit of k?
5
Suppose 19*q - 17*q = 416. What is the tens digit of q?
0
What is the hundreds digit of -4 - -11 - (-349 - -4)?
3
Let h be 6*-4*(-1)/2. Let w = 191 + -319. What is the tens digit of h/(-18) + w/(-3)?
4
Let w = 814 + -112. What is the tens digit of w?
0
Let g be (-162)/(-15) + (-6)/(-30). Let l(f) = f**3 - 9*f**2 - 16*f - 12. What is the units digit of l(g)?
4
Suppose 2*d - 6*d - 3*w + 2121 = 0, -2*d = -w - 1073. What is the hundreds digit of d?
5
Let a(n) = 2*n**2 - 14*n - 22. Let o be a(13). Suppose -3*w + o = -4*p, -2*w + 89 = -2*p - p. What is the units digit of w?
6
Let h(k) = k**3 - 4*k**2 + 3. Let x be h(4). Suppose 0 = 4*q - 2*y + 3*y - 74, 0 = -x*y - 6. What is the tens digit of q?
1
Let a = 115 - 50. Suppose b = -a - 29. Let i = b + 144. What is the units digit of i?
0
Let k(b) be the second derivative of 71*b**4/12 + b**3 + 3*b**2 + 45*b. What is the tens digit of k(-1)?
7
Suppose 3*b + x = 68, -23*b + 4*x = -21*b - 36. What is the units digit of b?
2
What is the hundreds digit of (-76 - 4)*(-124)/5?
9
Let x = -590 + 1489. What is the hundreds digit of x?
8
Let x be 3/((-3)/6 - -2). Let v be (2 - x)/(7 + -9). Suppose v = 2*n + 5*h - 88 - 49, 5*n = h + 302. What is the units digit of n?
1
Let q(u) = -15*u**2 + 2*u + 4. Let n be q(2). Let p = n + 81. What is the tens digit of p?
2
Let k(q) = -221*q - 47. Let d be k(11). What is the tens digit of 2/4 - d/12?
0
Let t(j) = 4*j + 17. Let d be t(-7). Let y = d + -16. Let p = y - -62. What is the tens digit of p?
3
Let f = -16 - -15. Let y be ((-30)/(-36))/(f/(-6)). Suppose 0 = -10*v + y*v + 375. What is the units digit of v?
5
Let i = 153 + -11. Suppose 0 = -3*o - 2*r + 208, -o + 3*o = -3*r + i. What is t